 15 - 18) + 15 + -15
-12
What is the value of -24 - (-7 + (42 - 18) + -14)?
-27
Evaluate (-10 - -2 - (-43 + 26)) + -21.
-12
-5 + -7 + 3 - (2 + -4) - -5
-2
What is (-3 - 2) + ((-10 - -4) + 4 - 3)?
-10
Calculate (-4 - -1 - -9) + (0 + 4 - 7).
3
-4 + (6 - (-3 - -12)) + 2
-5
What is -14 - ((-6 - 20) + 20)?
-8
(2 + -4 + 5 - -2) + (197 - 191)
11
Evaluate -12 - -7 - 14 - -24.
5
What is the value of -16 - (-9 + 1 + 16 - 11)?
-13
Calculate -9 - (0 + 2 + 11 - (-3 - -7)).
-18
What is the value of (8 - (2 + 16)) + (4 - 0) + -1?
-7
Calculate 1 - -4 - (34 - (69 + -29)).
11
What is the value of 27 - (-8 + -12 + 13 + 19)?
15
2 - (-8 + 6 + -4 - (7 + -2))
13
Evaluate -155 + 155 + (3 - (2 + 5)).
-4
What is 131 - 144 - (4 + -22)?
5
What is (-21 + 8 - -4 - -13) + -1 + 2?
5
Evaluate -6 - 2 - (456 - 472).
8
Calculate 39 + -29 + -9 + 3.
4
Calculate (12 - 3) + 4 + 12 + -6.
19
Calculate (5 - (2 + -1)) + 44 + (-35 - 15).
-2
Evaluate 7 - (36 - 30) - (-18 + 0).
19
What is -61 + 56 - (9 + (-2 - 0))?
-12
Evaluate (-8 - 1) + 6 + 0 - -16.
13
-19 - (-12 + -1) - (-1 + -2) - -16
13
What is 6 + (-147 + 152 - (-2 - 1) - -2)?
16
What is 18 + -13 + -24 - -11?
-8
What is the value of 13 + 6 + -18 + -8 + -2?
-9
(-3 - -9) + (-12 - (-2 + -3)) + 3
2
What is the value of (-47 - -12) + (9 - -28)?
2
What is 6 + 31 + (-73 - -34)?
-2
-100 + 98 + 0 + 13 + -1
10
(0 - (-2 - -5)) + -4 + 1 + 4
-2
What is the value of (8 - 0) + (-16 - (14 - 27))?
5
What is the value of -21 + (-1 - -18) + 11?
7
Evaluate (-24 - -51) + -23 + -2 + (-22 - -3).
-17
What is the value of 46 + -54 + (2 - (0 - 0))?
-6
-6 + 30 + -50 + 21
-5
What is 3 + (-9 - (0 + 9 + -5))?
-10
What is the value of -253 - -253 - (-6 + -1 - 3)?
10
Evaluate -67 - (45 + -47 - 40).
-25
What is the value of ((5 - 2) + (67 - 72) - -3) + -33?
-32
Calculate 21 + 24 + -102 + 31.
-26
What is the value of -9 + 1 + (-2 - -4 - -21)?
15
Evaluate (-9 - 7) + -8 + 10.
-14
Calculate 36 + 14 + -31 - 15.
4
-19 + -14 + 7 + 2
-24
-30 + 0 + (15 - -27)
12
Evaluate 23 - (3 - 0 - (22 - (30 - 2))).
14
Calculate (1 - (-5 + 12)) + (2 - -12) - 2.
6
Evaluate 12 - (24 - 16) - 6.
-2
What is 15 + -2 + -2 + 7 + 65 + -67?
16
What is the value of -76 + 73 - (7 - -1 - 3)?
-8
What is the value of -6 - ((-1 - 12) + 7 - (-35 - -35))?
0
Evaluate -4 + (-34 - -25) - 0.
-13
What is the value of (15 - (-22 + 35)) + (-2 - 1)?
-1
Calculate (-38 - -25 - (-2 + -18)) + -9 + -1.
-3
Evaluate -8 + (-5 + -4 + 12 - 1).
-6
Calculate -17 + -5 + 27 + (0 + -14 - -1).
-8
-18 - (-17 - 0) - -12
11
32 + (3 + -1 - ((13 - 1) + -3))
25
Calculate -5 + (4 - 5) + 0 - -5.
-1
What is the value of (-1 - (-6 + -15)) + -8 + 4?
16
13 - (27 + -10 + -18 - (-6 - 1))
7
What is (52 + -42 - (-2 - -15)) + 29?
26
What is -25 - ((-14 - -10) + 13 - 5 - -2)?
-31
What is the value of (-10 - 3 - -10) + (1 - (-20 - -5))?
13
-12 + (60 - (14 - -14))
20
5 + 6 + -15 + 16
12
-18 - -15 - (1 - -12 - (4 + -2))
-14
What is the value of 8 + 15 + (-28 - -17)?
12
Evaluate (-2 - (6 + (-6 - -1))) + -7.
-10
What is 29 - 59 - -28 - (-29 + 3)?
24
Evaluate -12 + 1 + -9 + (70 - 53).
-3
-4 - (-4 + 9 + (-14 - -18))
-13
Evaluate (8 - -2 - 8) + (-1 + 2 - 7).
-4
Evaluate -8 + (10 - 30) + (29 - 18).
-17
-8 + 11 + -6 - (1 + 3 + 2)
-9
Evaluate -16 + -8 + (24 - (9 - 3)).
-6
What is the value of 7 - -1 - (209 + -216) - 50?
-35
What is the value of -2 + 13 + 8 + -7 + -5 + 7?
14
Evaluate 10 - (-26 - (-46 + 13)).
3
Calculate 586 + -587 + -2 + 0 + -17 + -1.
-21
What is -13 - -2 - (-42 - -18 - -24)?
-11
Calculate -18 + -1 + (168 - 165).
-16
Calculate (1 - 3) + 6 + (-4 - 4) + -5.
-9
10 + (1 - 9) + 1 + (-3 - -8)
8
What is the value of (22 - (31 - 14)) + 0 + -9?
-4
What is 1 + (-2 + 9 - (-6 - -1))?
13
Evaluate 4 - 0 - (-20 + 11) - -14.
27
What is 7 + -3 + (1 + -2 - -1) - 9?
-5
What is (5 - ((32 - 13) + 8)) + -10 + 2?
-30
Evaluate (-1 + 18 - (12 - (10 + -3))) + 2.
14
Evaluate 51 - (1 + -17 + 32) - (9 + -2).
28
What is the value of -3 + 47 - (25 + 1)?
18
Calculate 4 - (-21 - (14 + (-15 - 2))).
22
Evaluate (-12 - (-13 + 29)) + 14 + (-1 - -11).
-4
What is the value of -28 + (12 - -18 - 29)?
-27
What is the value of -2 + (13 - 10 - -11)?
12
Evaluate -60 + 119 + -38 + -37.
-16
Evaluate (19 - 9 - 14) + 16.
12
332 + -334 + (2 - 12) + 2
-10
What is the value of 63 + 23 + -48 - 20?
18
Evaluate -1 - -32 - (261 - 248) - (-3 - -1).
20
What is the value of (-5 + 10 - 7 - (1 - -2)) + 33?
28
Evaluate -18 + -3 - (5 + -21).
-5
Evaluate -14 + (23 - 19) + -4.
-14
Calculate -19 + -3 + -3 + 10.
-15
What is the value of 8 + 10 + -30 + 7?
-5
(-79 - -76) + -1 + 3 + -3
-4
What is the value of 11 + (10 - (9 + 7 + -8 - 5))?
18
What is 4 - (-6 + -9 + 24)?
-5
Calculate -6 + (0 - -3 - (118 - 121)).
0
-15 + (-1 - -31) - 1
14
What is -25 - -19 - -4 - 14?
-16
Calculate 7 - (-6 - -17) - (0 + (2 - -4)).
-10
What is the value of -4 + 4 + -4 + 3 - (55 - 50)?
-6
0 + 11 + 2 + -25
-12
Evaluate (6 - -16) + -9 + -4 + 4.
13
What is 12 + (-3 - (-11 - (2 + -8)) - 7)?
7
What is -7 - (0 + 1) - (-51 - -42)?
1
3 - 9 - (7 + (-48 - -16))
19
Evaluate 18 - (10 - (-9 + (16 - 4))).
11
Evaluate (5 - (10 + -9)) + -5 + -12.
-13
What is the value of 21 + (8 - 35) + 3?
-3
Calculate (4 + 1 - 0) + -5.
0
What is -6 - (-1 + 1 - -1 - (-4 - -4))?
-7
-2 + 6 - (-5 + 6 + 2 + -3)
4
Evaluate -21 + 20 - (-10 + -27 - -10).
26
Calculate (29 - 17 - (-21 + 6)) + -4.
23
What is -3 - ((-1 - -5) + (-73 - -67) + -17)?
16
Evaluate (-448 - -470) + (-12 - -1).
11
Calculate (2 - -2 - -7) + (-13 + 16 - 14).
0
What is the value of -3 + -9 + -3 + 12?
-3
Calculate (6 - (-25 - -44)) + -3.
-16
2 + (15 - 19 - 2) + 35
31
168 + -150 + (-4 - (-9 + -1))
24
Calculate 13 + -20 + 22 + -4 + 5.
16
Calculate 25 + (-78 - (-28 + -3)).
-22
Evaluate (10 - (6 + -3 + 20)) + 6.
-7
Evaluate -10 + 8 + (16 - 17) + 9.
6
What is -308 + 281 - (2 + -57)?
28
(-140 - -144) + 12 + -2 - 7
7
Calculate (477 - 463 - (1 - 0)) + 25.
38
What is the value of 8 - (-3 + 12 + -27)?
26
What is the value of 0 + 0 + -1 + 2 - (-132 - -133)?
0
What is the value of (21 - (-8 - 2)) + -10?
21
Evaluate -1 + 10 + -2 + -179 + 178.
6
Calculate 7 - (4 + 1 + -2 + (-8 - -2)).
10
What is the value of 1 + -20 + -14 + 3 + 22 + -4?
-12
(-18 - (-13 + 8)) + 0
-13
Calculate 82 - 90 - (33 - (-2 - -5 - 4)).
-42
-1 + (1 - 3) - (-22 - (26 - 30))
15
Calculate (-4 - 0) + (-10 - 3 - -24).
7
1 + 3 - ((-5 - -7) + 1)
1
Evaluate (-4 - (24 - 2) - 0) + 6.
-20
What is (-3 - 5) + (7 - (-32 - -6))?
25
1 + 3 + -9 - (-21 + 10 - -5)
1
Evaluate -7 + -23 + -6 - -26.
-10
-1 + 23 + -656 + 653
19
What is the value of 36 + (-8 - 4) + -1?
23
What is the value of -3 + -1 + -5 + -2?
-11
What is the value of 3 - (0 - (-23 + 5))?
-15
Calculate 11 - (-22 + 7 + 14).
12
Calculate -12 + (2 - (-37 - 6)).
33
What is the value of (5 + -16 - (-10 - (9 + -12))) + 10?
6
-14 - (1 + -1 + 2 + 6 + -8)
-14
-1 - (-1 + (7 - 11) + 6 + 0)
-2
536 - 512 - (0 + 31)
-7
What is the value of 5 - 2 - (-3 + -8 + 2)?
12
What is (-17 - -22) + (2 - 6 - -5)?
6
What is the value of -2 + -3 + 2 + 14?
11
Calculate -17 + 0 - (-11 + -12 + 13 + 11).
-18
What is (-10 + 19 + -3 + -8 - 3) + 7?
2
6 + (7 - (8 - -4)) + 3
4
What is the value of 163 - 157 - (13 - (2 + 0)) - 7?
-12
Evaluate 1 + -7 - (-20 + (0 - (-27 + 14))).
1
What is (-7 - (-16 - (0 + (-14 - -7)))) + 3?
5
What is the value of (6 - -2 - -14) + -14?
8
Calculate 0 + -3 + -5 + (3 - (14 - 3)).
-16
Calculate 4 - (-2 - (2 + 0) - -3).
5
Evaluate 14 - (53 - (-19 - -10) - 14).
-34
What is 6 - -1 - (1 + 1) - (0 - -6)?
-1
What is the value of 10 + (-3 - (1 - -9))?
-3
Calculate 14 + 16 + 3 + -41.
-8
4 - (6 + 8) - (-3 - 1) - -8
2
What is -10 + (3 - -8) + -5 - 6?
-10
What is -6 + -4 + 42 + -20?
12
What is -13 + -1 + 12 - -12?
10
Evaluate 22 + -23 + (7 - (-4 + 3)).
7
What is 5 + -6 + -2 + 3 + -3 + 3?
0
Calculate 145 + -140 + 2 + -3 + 4.
8
Evaluate 4 - (-7 + (6 - (-1 + 1) - 5)).
10
-17 - ((20 - 3) + -36)
2
What is the value of (-27 - -13) + 2 + -13 + 7?
-18
What is 160 + -143 + (2 - 4)?
15
What is -1 - (-5 + 10 + -10 + -2) - 13?
-7
Evaluate (-22 - (32 + -45)) + -2.
-11
Calculate 26 + -14 - 14 - -14.
12
Calculate 184 + -190 + (2 - 3) + (-1 - -25).
17
(6 - (16 + (-4 - 0))) + 47 + -50
-9
What is (-23 - -48 - 15 - 19) + (30 - -1)?
22
Evaluate 29 - (-8 - (-18 - (-4 + (-1 - -3)))).
21
(-1721 - -1709) + 41 + -1
28
Evaluate (-17 - -5) + (-74 - 